 4*n - 6 = 34. Suppose -14 - n = -f*v. What are the prime factors of v?
2, 3
Suppose g = -o + 96, g - 288 = -3*o - 3*g. List the prime factors of o.
2, 3
Let o(g) = -148*g + 6. What are the prime factors of o(-2)?
2, 151
Suppose -a - 4*p = 3*a - 12, -p = -a + 1. List the prime factors of a.
2
Let i(p) = -p**3 + 4*p**2 - 1. Let t be i(4). Let n = 11 - 13. What are the prime factors of (-2)/(-2)*t*n?
2
Suppose -4*m - 110 + 514 = 0. List the prime factors of m.
101
Suppose -4*x + 24 = -0*x - 2*z, 3*z + 12 = 0. Suppose 0*y + 3*u = x*y - 72, -2*y + 36 = 5*u. List the prime factors of y.
2, 3
Let g = -154 - -271. List the prime factors of g.
3, 13
Suppose -9*o - 33 = -12*o. What are the prime factors of o?
11
Suppose 4 = 2*k - 3*k. Let o be 0/1*k/(-8). What are the prime factors of 3/3 - (o + -13)?
2, 7
Suppose 0 = -12*n + 8*n + 440. What are the prime factors of n?
2, 5, 11
Suppose 2*n + 51 + 9 = 0. List the prime factors of (-372)/n - 6/(-10).
13
Let g = 3 + -2. Let i = g - -4. List the prime factors of i.
5
Let f be (9/(-4))/(1/(-4)). Let i = -2 - 0. What are the prime factors of i/f - 38/(-9)?
2
Suppose 0 = -2*l + 6*l - 128. Suppose -4*g - 2*n - l = -9*g, 2*n = -4*g + 22. Let t = g + 3. List the prime factors of t.
3
Suppose -15*g - 1254 + 4494 = 0. What are the prime factors of g?
2, 3
Let p = -18 + 26. Suppose -23*u - 2 = -21*u. List the prime factors of 0 + (-1)/(u/p).
2
Suppose -182 = -7*s + 189. List the prime factors of s.
53
Suppose 6 - 22 = 4*x, 6 = a + 4*x. List the prime factors of a.
2, 11
Let l(r) = 39*r + 1. Let x be l(1). Suppose 0 = -5*n + 3*q + 18, -5*q + x = 5*n - 10. What are the prime factors of n?
2, 3
Let u = -7 + 30. List the prime factors of u.
23
Let m(n) = n**3 - 7*n**2 + 5*n + 6. Let p be m(6). Let f = p - -3. List the prime factors of f.
3
Let a be (-21)/6*60/(-35). Let g = a - 0. What are the prime factors of g?
2, 3
Suppose 3*r + 2*p - 149 = 0, -4*p - 285 = -4*r - r. What are the prime factors of r?
53
Suppose -2*m + 3*w - 6*w = 3, 5*w - 20 = 5*m. Let k = m - -13. List the prime factors of k.
2, 5
Suppose 172 = 5*r - 3*d, 3*d - 128 - 15 = -4*r. What are the prime factors of r?
5, 7
Let m be 48/26 + (-2)/(-13). Suppose m*x + 60 = -x. What are the prime factors of (-8)/x - (-96)/10?
2, 5
Let q be -16 - 2/4*2. Suppose -2*t + 25 = -t. Let v = q + t. What are the prime factors of v?
2
Let g(o) be the second derivative of o**5/20 + 2*o**4/3 + 2*o**2 - o. Let d be g(-8). Suppose 0*k + d*k = 4*c - 32, 3*k = 0. What are the prime factors of c?
2
Suppose 2*d = d. Let u = d + 16. What are the prime factors of u?
2
Let u = -112 - -190. List the prime factors of u.
2, 3, 13
Let m(d) = 3*d**3 - 8*d**2 - 8*d + 71. Let a(x) = -x**3 + 3*x**2 + 3*x - 24. Let p(n) = 11*a(n) + 4*m(n). What are the prime factors of p(0)?
2, 5
Suppose 2*q = -q + 114. Let s be (-1)/(-5) - q/(-10). Let h = -1 + s. List the prime factors of h.
3
Suppose 5*w - 8*w + 1254 = 0. What are the prime factors of w/33 - 2/3?
2, 3
Suppose -5*j + 2*z = 699, -3*z = -4*j - 7*z - 548. Let p = j - -94. List the prime factors of p/6*(-4)/3.
2, 5
Let g(z) = -z**2 + 6*z - 5. Let d = 3 - -1. Let l be g(d). Suppose 12 = 3*f + l*o - 5*o, -5*f - 3*o + 39 = 0. What are the prime factors of f?
2, 3
Suppose -2*v = 4*y - 26, 3*y - 14 = 1. Suppose 3*z = v*c + 15, 0 = 2*z + 2*z - 5*c - 25. What are the prime factors of (z + -12)*(-12)/16?
3
Suppose 0 = -5*m - 15 - 15. Let d be (8/m)/(8/(-12)). Suppose -5*t + 3*s = -25, 4*t - d*s - 20 = -0. What are the prime factors of t?
5
Suppose -3*s + 0*o + 5*o + 136 = 0, -2*s - 5*o = -49. List the prime factors of s.
37
Suppose -5*c + 55 = -70. Let d = c - 9. What are the prime factors of d?
2
Let p(v) = v**2 - 3*v - 54. List the prime factors of p(-12).
2, 3, 7
Suppose -176 = -0*o - 4*o + 5*m, -m + 44 = o. What are the prime factors of o?
2, 11
Suppose 2*w + 3*w - 5 = 0. List the prime factors of ((-4)/w)/(4/(-6)).
2, 3
Let r(a) = -a**3 + 5*a**2 + 7*a - 3. Let g be r(6). Let l(j) = 6*j + 1. List the prime factors of l(g).
19
Suppose -2*p + 5*x = 3*p - 20, -19 = -p + 4*x. List the prime factors of p/(-3)*78/2.
13
Let g = -4 - -6. Let l = -10 + 19. Suppose -s - 12 = -2*w + l, 5*w - g*s - 51 = 0. List the prime factors of w.
3
Let h = 3 - -73. List the prime factors of h.
2, 19
Let s be 2/(-8) - (-3970)/8. Let u be (-4)/(-10) + s/10. Let z = u - 31. What are the prime factors of z?
19
Let v(l) = l**2 + 6*l + 7. What are the prime factors of v(6)?
79
Let t(r) = r**2 + 7*r - 5. Suppose 0 = l - 0*l + 3*b - 13, -2*b - 18 = -2*l. Let s be ((-16)/l)/(6/30). What are the prime factors of t(s)?
3
Suppose 162 + 18 = 5*m. What are the prime factors of m?
2, 3
Let d = 17 - -17. Suppose 0 = -c + u + 12, -3*u + 17 = -2*c + 43. Suppose c - d = -4*z. List the prime factors of z.
2, 3
Suppose 15 = 3*k + 2*k. Suppose k*u + 3 = 21. Suppose i + 3*d = u*i - 45, 3*d + 9 = 2*i. List the prime factors of i.
2, 3
Suppose 2*a = 3*a - 3*y + 33, -13 = a + y. Suppose -2*i + 37 + 13 = 0. Let w = i + a. What are the prime factors of w?
7
What are the prime factors of ((-2528)/(-20) - -3) + (-2)/5?
3, 43
Let h(v) = 5*v**2 - 4*v + 14. List the prime factors of h(4).
2, 3, 13
Let a(y) = 2*y - 7. Let k be a(5). Suppose 2*i - k - 5 = 0. Suppose 0 = -i*f + 5*g, -4*g + 1 = -0*f - 3*f. What are the prime factors of f?
5
Let w = 32 + -10. What are the prime factors of w?
2, 11
Let l be (-12)/18*1*-12. Let n(s) = s - 1. Let y(g) = -1. Let q(a) = n(a) - 4*y(a). What are the prime factors of q(l)?
11
List the prime factors of ((-9)/6 + 2)*32.
2
Suppose -5*z + 20 = -3*s + 3, 5 = s + z. Let b(a) = 6*a + 3. List the prime factors of b(s).
3
Let p(t) = t + 26. List the prime factors of p(0).
2, 13
Let b(d) = d**2 + 4*d + 3. Let a be -1 - (-2)/(6/(-9)). Let h be b(a). Suppose m = 3*w - 6, 0*m = -m - h*w + 12. List the prime factors of m.
3
Let a = 64 - 34. What are the prime factors of a?
2, 3, 5
Let v(h) = 3*h - 2*h + 5*h - 3 + 2 - h**2. List the prime factors of v(4).
7
Let b(m) = 9*m + 2. Let n be b(7). Suppose -3*z - 2*z + n = 0. List the prime factors of z.
13
Let q = -7 + 7. Suppose q = -2*x + 14 + 16. List the prime factors of x.
3, 5
Let h = -25 + 43. Let w be (2/(-3))/((-2)/h). Let f = 18 - w. What are the prime factors of f?
2, 3
Let z(c) = c**3 + 4*c**2 + 2*c - 4. Let y be z(-3). Let h = 0 + y. What are the prime factors of (0/h)/(-1) - -12?
2, 3
Let s(z) = -z**3 + 9*z**2 + z - 5. Let c be s(9). Suppose -7*w + c*w + 39 = 0. List the prime factors of w.
13
Suppose 0 = -6*j + 2*j + 48. Suppose 4 = -4*w - j. List the prime factors of (-54)/w + 1/2.
2, 7
Let b(n) = -n**3 + 11*n**2 - 9*n - 8. Let u be b(10). Suppose 0 = -p - u*p + 12. What are the prime factors of p?
2
Let i = -8 + 11. Suppose -n + 48 = i*n. Suppose 2*j = -j + n. List the prime factors of j.
2
What are the prime factors of 2/(-4) + (-66)/(-4)?
2
Let r be 2/(-4) - (-2)/4. Suppose r = -2*g - 3*g - 2*u + 98, -4*g + 3*u + 60 = 0. List the prime factors of g.
2, 3
Let v be 141/6 - 1/2. Let u = -14 + v. Let f = u - 4. List the prime factors of f.
5
Let h(g) = -g**3 + 8*g**2 + g + 4. Suppose 2*n + 3*n = 40. Let y be h(n). Let t = y + 0. What are the prime factors of t?
2, 3
Let c(o) = o**3 - o**2 - 4*o + 2. Let l be (-10)/(-2) + -2 + 1. List the prime factors of c(l).
2, 17
Let l(c) = c**2 + 11*c + 14. List the prime factors of l(-11).
2, 7
Suppose 10 = 2*p - 22. What are the prime factors of p?
2
Let s(a) = a**2. Let c be s(2). Suppose -c*n + 3 + 1 = 0. List the prime factors of ((-24)/(-10))/(n/5).
2, 3
Suppose -3*y = g + 2*y - 51, -3*g = -4*y - 96. What are the prime factors of g?
2, 3
Let y(m) = m**2 - 8*m + 7. Let d be y(7). Let i be 2 - (-3 + 1)*1. Let r = i - d. List the prime factors of r.
2
Let u be (-1 - -2) + 3 + 2. Let p(f) = 2*f + 8. Let x be p(-6). Let h = u + x. List the prime factors of h.
2
Suppose -2*r = a - 6*r - 3, -3*r = -2*a + 31. List the prime factors of a.
23
Let m = -6 - -16. Let s be (8/m)/(2/10). Suppose t - 5*t - 5*i = -30, s*t = -4*i + 28. List the prime factors of t.
5
Let j = -8 - -11. Suppose 4*p + 49 = 5*u - 49, -j*u = -5*p - 64. List the prime factors of u.
2, 3
Let w be (0/3 - -2) + -2. Suppose -4 = -w*u - 2*u. Suppose f + 39 = -0*o + 3*o, -o + u*f = -8. List the prime factors of o.
2, 7
S